5. Give d(-6).
13
Let o(r) = -3121*r + 56070. Calculate o(18).
-108
Let f(d) = -2*d**3 + 26*d**2 + 211*d - 98. Determine f(21).
-2723
Let i(z) = 2*z**3 + 431*z**2 + 859*z + 232224. Determine i(-216).
24
Let r(k) = -k**3 - 150*k**2 - 4925*k + 2453. Determine r(-101).
29
Let j(o) = -28*o**3 - 269*o**2 - 228*o + 41. What is j(-1)?
28
Let o(m) = -116714*m + 233428. Give o(2).
0
Let b(p) = -5*p**3 - 266*p**2 - 31*p + 674. Calculate b(-53).
-492
Let v(l) = 97*l**3 + 6*l**2 - 107*l + 210. What is v(2)?
796
Let t(d) = -38615*d + 115861. Determine t(3).
16
Let a(u) = 6*u**3 - 349*u**2 + 395*u + 354. What is a(57)?
126
Let k(c) = -3346*c - 36809. Determine k(-11).
-3
Let w(v) = -17*v**3 - v**2 - 90*v + 305. Determine w(3).
-433
Let s(a) = -a**3 - 4817*a**2 - 9617*a - 15. Calculate s(-2).
-41
Let o(b) = b**2 + 1022*b + 259769. What is o(-550)?
169
Let t(u) = -u**3 + 231*u**2 + 12232*u - 123302. Give t(274).
-2
Let v(b) = -b**3 + 10*b**2 - 234*b + 1731. Calculate v(8).
-13
Let f(u) = 40*u**2 - 407*u - 103365. Determine f(-46).
-3
Let r(f) = f**2 + 336*f + 2604. Give r(-8).
-20
Let s(y) = 2*y**3 + 722*y**2 + 772*y + 18720. What is s(-360)?
0
Let q(c) = -2005*c - 208515. Determine q(-104).
5
Let a(g) = 2*g**2 - 512*g + 5864. Give a(12).
8
Let c(g) = -21*g**2 - 94*g + 535. Determine c(-8).
-57
Let n(m) = -116*m**2 + 2442*m - 153. Determine n(21).
-27
Let v(i) = -5709*i - 34377. Calculate v(-6).
-123
Let l(u) = 40735*u - 162915. Calculate l(4).
25
Let t(z) = 289190*z + 1156631. Give t(-4).
-129
Let i(d) = 57*d**2 - 27172*d + 108707. Give i(4).
931
Let n(w) = 651*w - 26387. What is n(41)?
304
Let k(v) = -438*v + 16673. What is k(38)?
29
Let f(m) = -m**3 - 677*m**2 - 4003*m + 15439. Give f(-671).
6
Let t(s) = 1115*s + 99200. Calculate t(-89).
-35
Let k(y) = 3*y**3 - 129*y**2 + 496*y - 1086. Determine k(39).
6
Let o(l) = 495*l + 13848. What is o(-28)?
-12
Let w(z) = -16378*z + 802529. Determine w(49).
7
Let l(k) = -2993*k + 8992. Determine l(3).
13
Let z(v) = -71*v**2 + 2373*v - 982. Give z(33).
8
Let w(n) = -3508*n - 101720. Give w(-29).
12
Let i(z) = -130727*z + 67455140. Determine i(516).
8
Let v(b) = 6015*b + 138339. Determine v(-23).
-6
Let r(x) = -x**3 + 33*x**2 - 137*x - 632. Give r(10).
298
Let m(o) = 4*o**3 + 25*o**2 + 84*o - 4. Give m(-12).
-4324
Let n(k) = -76*k**2 - 5297*k + 1613. Calculate n(-70).
3
Let v(x) = -4*x**3 - 56*x**2 + 75*x - 13. What is v(-15)?
-238
Let h(x) = x**2 - 70*x - 479. What is h(86)?
897
Let z(h) = 90*h - 3069. Give z(30).
-369
Let j(z) = 11*z**2 + 4158*z - 350670. Give j(71).
-1
Let j(c) = c**3 - 51*c**2 + 1648*c - 15012. Calculate j(13).
-10
Let q(o) = 3940*o - 107177. Determine q(27).
-797
Let f(s) = 32*s**3 - 98*s**2 + 5*s + 6. Determine f(-3).
-1755
Let w(m) = -7549*m + 158515. Determine w(21).
-14
Let b(x) = -359292*x + 1077874. Give b(3).
-2
Let p(m) = 90*m - 6208. Determine p(69).
2
Let c(n) = 214*n**3 - 200730*n**2 - 1878*n + 1764. Give c(938).
-112
Let u(y) = -5306*y - 47321. What is u(-9)?
433
Let z(f) = -f**2 + 1231*f + 29849. Give z(-24).
-271
Let n(j) = 2*j**2 + 1240*j + 191124. What is n(-333)?
-18
Let o(w) = -w**3 - 103*w**2 + 521*w - 2202. What is o(-108)?
-150
Let o(n) = -66*n**3 + 211*n**2 + 232*n + 20. Give o(-1).
65
Let a(y) = 2*y**3 - 14*y**2 - 869*y + 6816. Determine a(8).
-8
Let t(p) = -p**2 - 2707*p - 21625. Calculate t(-8).
-33
Let t(i) = -55*i**3 + 6*i - 1. Determine t(1).
-50
Let t(x) = 16*x**2 - 521*x - 29182. Determine t(62).
20
Let d(b) = b**3 + 522*b**2 - 3486*b - 1277517. Give d(-524).
-5
Let z(r) = -1345*r - 188283. Determine z(-140).
17
Let h(m) = -m**3 + 44*m**2 - 33*m + 232. Calculate h(44).
-1220
Let g(q) = q**3 - 284*q**2 - 5120*q - 83. Determine g(-17).
-32
Let d(y) = -40*y + 4675. Calculate d(113).
155
Let z(y) = -7*y**2 + 853*y + 325. Determine z(122).
203
Let f(m) = 4099*m - 347970. What is f(85)?
445
Let n(x) = 8*x**3 + 21*x**2 - 39*x - 16. What is n(3)?
272
Let d(a) = 112*a + 9948. Calculate d(-65).
2668
Let n(y) = 5*y**2 - 55*y + 3. Determine n(10).
-47
Let k(m) = -15*m**3 - 5161*m**2 - 869*m - 180614. Calculate k(-344).
-14
Let p(q) = -13*q**2 + 2419*q - 143. Calculate p(186).
43
Let b(i) = -1106*i + 118374. Determine b(107).
32
Let s(o) = -21*o**2 + 468*o + 7417. Determine s(-15).
-4328
Let h(w) = 254*w**2 - 3057*w - 11. What is h(13)?
3174
Let m(g) = -319*g - 13887. Give m(-42).
-489
Let r(z) = 1837*z**2 - 156144*z - 115. What is r(85)?
-30
Let g(s) = -1640*s - 60716. Determine g(-37).
-36
Let q(s) = -127112*s + 24659737. Give q(194).
9
Let y(w) = -23319*w - 93194. Calculate y(-4).
82
Let i(h) = -3*h**3 - 205*h**2 + 122*h - 534. Determine i(-69).
570
Let q(g) = 40*g**2 - 571*g + 507. Determine q(13).
-156
Let k(t) = t**2 + 6033*t - 54380. Give k(9).
-2
Let v(y) = y**3 + 50*y**2 - 375*y + 229. What is v(6)?
-5
Let u(t) = -2*t**2 + 177575*t + 1243094. Calculate u(-7).
-29
Let t(f) = -2239974*f - 8959891. Determine t(-4).
5
Let n(i) = -49*i**2 + 4516*i + 27141. Determine n(-6).
-1719
Let u(w) = -3117*w + 112643. Determine u(36).
431
Let m(v) = -v**2 + 17035*v - 289294. Give m(17).
12
Let a(p) = -2234*p + 138507. Determine a(62).
-1
Let a(s) = 28*s**2 - 551*s + 5. What is a(19)?
-356
Let v(w) = -87*w + 219. Calculate v(-7).
828
Let a(l) = -3926*l - 137356. What is a(-35)?
54
Let f(b) = b**3 - 282*b**2 + 18864*b - 1194. Determine f(173).
17
Let c(s) = s**3 + 2*s**2 - 383*s - 1531. What is c(-4)?
-31
Let a(d) = 64269*d - 128538. Calculate a(2).
0
Let l(v) = 9796*v - 156743. What is l(16)?
-7
Let w(i) = i**2 - 239*i + 3899. What is w(17)?
125
Let b(q) = -127024*q - 6097151. Calculate b(-48).
1
Let r(u) = u**3 - 62*u**2 - 239*u + 6048. Determine r(64).
-1056
Let d(u) = -105210*u + 8942840. Calculate d(85).
-10
Let p(f) = -f**3 + 13*f**2 + 52*f - 8. Calculate p(16).
56
Let x(j) = -j**3 + 33*j**2 - 371*j + 7403. Calculate x(29).
8
Let u(z) = 3*z**3 + 23*z**2 - 336*z - 16. What is u(-15)?
74
Let k(m) = 54*m**2 + 184*m - 27. Give k(-6).
813
Let l(z) = -z**3 + 8*z**2 + 1931*z - 13492. Calculate l(7).
74
Let b(u) = u**2 - 224*u - 51472. Calculate b(-141).
-7
Let p(m) = -m**2 - 4*m + 11213. Give p(104).
-19
Let v(c) = 8*c**2 + 46*c - 1018. Determine v(-15).
92
Let m(z) = -z**2 + 3528*z - 111735. Determine m(32).
137
Let r(l) = -6*l**3 + 102*l**2 - 107*l + 316. Calculate r(16).
140
Let u(x) = 3*x**2 - 934*x + 8925. What is u(10)?
-115
Let w(m) = -14187*m - 127688. Give w(-9).
-5
Let k(q) = 196*q + 1434. What is k(-4)?
650
Let p(k) = -25575*k - 17800198. Calculate p(-696).
2
Let g(l) = -13*l**2 + 360*l - 2933. What is g(13)?
-450
Let h(x) = 11*x**2 + 678*x + 8249. Determine h(-12).
1697
Let p(s) = -15815*s**2 - 3052297*s - 391. Determine p(-193).
-5
Let a(y) = -4739*y + 1307937. Determine a(276).
-27
Let r(f) = 18390*f + 73634. Give r(-4).
74
Let k(h) = 132527*h - 530082. Determine k(4).
26
Let o(y) = 1026*y - 10487. Determine o(10).
-227
Let m(j) = -543*j + 7476. Determine m(12).
960
Let m(q) = 24*q**2 + 8535*q - 25611. What is m(3)?
210
Let h(s) = s**3 + 32*s**2 + 3409*s + 109123. Give h(-32).
35
Let u(m) = -9213*m - 663370. Give u(-72).
-34
Let w(v) = v**3 + 45*v**2 + 3189*v + 138401. Give w(-44).
21
Let l(s) = s**2 + 201*s + 6785. Calculate l(-159).
107
Let p(o) = o**2 + 718*o + 14642. Give p(-21).
5
Let b(f) = -4*f**3 + 35*f - 1. Calculate b(3).
-4
Let y(o) = -130*o**2 - 4*o - 5. What is y(1)?
-139
Let j(m) = m**3 + 11*m**2 - 13*m + 40. Calculate j(-12).
52
Let t(a) = 2*a**3 - 97*a**2 + 76*a - 69. Calculate t(48).
1275
Let h(v) = 20*v**2 + 1164*v + 14471. Calculate h(-18).
-1
Let a(p) = p**3 + 4*p**2 - 58*p + 98. Calculate a(6).
110
Let p(b) = -80*b**2 + 739*b + 20410. Give p(-12).
22
Let z(w) = 279*w - 20626. What is z(75)?
299
Let h(b) = -b**2 + 34*b + 365. Give h(-8).
29
Let t(x) = 5085994*x + 10171978. Determine t(-2).
-10
Let a(m) = -m**2 - 1418*m - 82175. Give a(-60).
-695
Let j(f) = 65*f**3 + 4036*f**2 + 371*f + 25. Give j(-62).
87
Let y(b) = 337*b - 5399. What is y(17)?
330
Let m(u) = u**3 - 139*u**2 + 24*u - 9. Calculate m(0).
-9
Let d(q) = q**3 + 62*q**2 - 8648*q - 232. Give d(67).
-567
Let h(s) = -s**2 + 898*s + 51413. Calculate h(-54).
5
Let b(l) = -3*l**2 - 238747*l + 5492775. Give b(23).
7
Let j(k) = -2*k**3 + 1499*k**2 - 39716*k + 4322. What is j(722)?
-10
Let c(b) = b**2